 (-32 + 27).
-1
What is (-2 - (-3 + -2)) + -8 + 5?
0
55 + -61 + 7 + 1
2
Evaluate 12 + -19 + (5 - 1) - -1.
-2
Calculate 0 + 1 + -8 + (7 - 3).
-3
What is the value of 2 + (-5 - 5) + 10?
2
Evaluate -1 + -2 + 5 + -5 - -6.
3
What is the value of -6 - (-5 - (5 + -1 - 8))?
-5
Calculate (-19 - -8 - 0) + 14.
3
What is -2 + (-5 - -2 - -2 - -4)?
1
What is 1 - 1 - (5 + -6)?
1
What is the value of 1 + 0 - (-10 - -4) - 6?
1
0 - (-4 - -4 - -2)
-2
Evaluate 12 + 3 + -17 + 8.
6
What is the value of 5 + (4 - 10 - -2)?
1
Evaluate -5 - (-2 + 5 + -5 + 2).
-5
What is -18 + 14 + 8 + -3 + 3?
4
Evaluate -3 + (-3 - -3) - 3.
-6
Evaluate -3 + -2 + (-6 - -3) + 7.
-1
What is the value of 3 + (-10 - (-1 - 4)) + -2?
-4
Evaluate (3 + -3 - 3) + 2 + -1.
-2
What is the value of (-11 - -1) + (9 - 3) + -1?
-5
Calculate 7 + 6 + -2 + -17.
-6
What is the value of -1 - -3 - (2 - 1)?
1
Calculate -5 + 8 + -2 + (0 - -3).
4
What is the value of (2 - (6 + -3 + -6)) + 2?
7
What is the value of -2 - ((-7 - (-6 + 5)) + 4)?
0
Calculate 3 - (-5 - -21 - 7).
-6
-6 - (-5 + -2 + 7 + -1)
-5
Evaluate -3 + (2 - -6) + -4 + 0.
1
Evaluate (-1 + -3 - 5) + 4.
-5
What is -9 + (-2 - -1) + 12?
2
Calculate 51 - 55 - (-1 - 1).
-2
What is the value of 8 + -13 + -4 + 17?
8
Evaluate 4 + (1 - 3) + 0 + 5.
7
What is the value of 1 + (10 - (16 + 0))?
-5
What is (-1 - -5) + (3 - (-2 + 7))?
2
What is 0 - (1 + -3 - (-11 - -5))?
-4
Calculate 5 - 9 - 2 - -10.
4
What is 3 + (-12 - (-2 + -2) - -4)?
-1
7 + -24 + 9 + 9
1
What is the value of (-8 - -4) + 5 + 2?
3
Evaluate 18 + -7 + -8 - (-1 + 2).
2
Calculate 1 - (3 - (2 - -4)).
4
Evaluate 2 + (1 - 1) + 0 + -1.
1
What is the value of (-36 - -29) + (1 - -12)?
6
What is the value of 25 + -30 + (-3 - -5 - 3)?
-6
Calculate 3 + (4 - -1) + 2 + 0.
10
Evaluate 13 + -15 - (-1 + 4).
-5
What is (-1 - (-1 + 3)) + 6 + -6?
-3
Calculate 4 - (6 + -8) - 4.
2
What is the value of 11 + 0 - (2 - -4)?
5
Evaluate -3 + (-4 - -5) - -2.
0
Calculate 9 + -1 + -28 + 24.
4
Calculate 6 + (-2 - -2) + -6.
0
4 + (-5 - (3 - 6))
2
Calculate (-19 + 7 - -7) + (0 - -9).
4
Evaluate 0 - -14 - 0 - 8.
6
What is the value of 5 - (-3 + 5 - -5)?
-2
Evaluate -5 - (10 + -5 - 13).
3
What is the value of -3 - -1 - (-24 + 25)?
-3
Evaluate -1 + 6 - (-13 + 16).
2
Calculate -4 + -7 - -14 - (-2 - -10).
-5
0 + (3 - (-2 + 2 - -1))
2
(5 - 1) + -3 - 0
1
What is -26 - -2 - -11 - -18?
5
Evaluate 5 + (-7 - 1) - 2.
-5
Calculate 0 - -12 - (31 - 23).
4
What is (-2 - 3) + 6 + 1?
2
-10 - (-3 + -4 + 3) - -4
-2
Calculate 10 + (-1 - (5 - 0)).
4
5 + -1 - (66 - 65)
3
Evaluate 5 - (-5 + (18 - 6 - 5)).
3
What is the value of 12 + -15 - (3 + -6)?
0
Evaluate -7 - (5 + 3 + -1 - 6).
-8
What is the value of -5 + -5 + 7 - (2 - 1)?
-4
Evaluate -6 - ((1 - 6) + (19 - 17)).
-3
What is the value of -14 + (18 - (-2 + 10))?
-4
What is the value of (-2 - -3 - -1) + 4?
6
Evaluate -4 + (9 - 7 - (2 - 0)).
-4
What is (1 - 11) + 19 - 12?
-3
Evaluate -9 + 9 + 2 + -4 + 1.
-1
What is 9 + -4 + (0 - 0)?
5
What is the value of -4 + (1 - -3 - 5)?
-5
Evaluate 20 + 1 + -13 + -12.
-4
What is the value of 4 - (-2 - 3 - -7)?
2
Evaluate -1 + (-1 - (-2 - 0)).
0
Calculate (0 - 1) + -6 + 9.
2
What is the value of (7 + -9 - 7) + 13?
4
Evaluate (-5 - (2 + -2)) + (-9 - -15).
1
Calculate (17 - 14) + 2 + -4 + -2.
-1
Evaluate (-1 - -2 - (-2 - -1)) + -2.
0
What is (3 + -7 - -5) + 2?
3
Calculate 3 - (-2 - (-9 + 1)).
-3
Calculate -6 - (4 + (3 - 8)) - -10.
5
-7 - (13 - 8) - -20
8
4 + -5 + (-1 - -1) - -6
5
Calculate (2 - (-16 - -17)) + -6 + 0.
-5
What is -20 - -16 - (-11 - 0)?
7
Calculate (-2 + 4 - 0) + -2.
0
Evaluate 1 - 2 - (1 - 6).
4
-5 - (-5 + (-2 - -4) + -6)
4
What is the value of (2 - 6) + 3 + 1 - -4?
4
Calculate 3 - (10 + -9 - (-1 - -4)).
5
What is the value of 2 + 2 + (-3 - 4)?
-3
Evaluate (3 - 5 - 0) + (1 - 2).
-3
Calculate -8 - -12 - (1 + 1 + 6).
-4
What is the value of -3 + 6 + (-6 - -3) + 0?
0
What is the value of 4 - (17 - 4) - (1 + -5)?
-5
Calculate 9 + (-3 - 4 - -14 - 14).
2
What is the value of -1 - -10 - (12 + 1 + -7)?
3
Calculate 22 + -26 - (7 - 2).
-9
-16 - (-58 - -57 - (6 - 1))
-10
0 + -1 + 0 + (-5 - -2)
-4
What is the value of -7 - (-9 + 16 - 8)?
-6
42 + -48 + (-1 - 0)
-7
What is the value of 5 + (-5 + 0 - (-72 - -73))?
-1
What is the value of 12 + -5 + -11 + (-1 - 2)?
-7
What is the value of -6 + (2 + -2 - (6 + -19))?
7
Evaluate -4 - (-3 - 5) - 0 - 7.
-3
What is -6 + (8 - -1) + -6 + 2?
-1
What is -3 - -2 - 1 - -3?
1
What is the value of (-6 - -15) + 0 - 5?
4
-36 + 36 + -2 + 3
1
Calculate (-5 - 1) + -132 + 132.
-6
Evaluate -4 + 9 + (1 - 2).
4
What is the value of (0 - 2 - -3) + -6 + 1?
-4
Calculate (0 - -3) + (0 - -4 - 6).
1
Calculate -2 + (0 - -5) + -4.
-1
Evaluate -1 + -1 + -1 - (-11 - -7).
1
0 + -9 + -193 + 202
0
What is -2 - -1 - (-7 + 7 + -3)?
2
What is -28 + 27 + (3 - 2) + 5?
5
Calculate -1 - ((7 - 3 - 4) + 3).
-4
-4 + 2 + 1 + 2
1
Calculate -3 - (-13 + 8 + -2) - 1.
3
Calculate (0 - -3) + (-7 - -4).
0
What is (0 - 3) + 3 - 1?
-1
Evaluate 3 - 1 - (-9 - -4) - 2.
5
What is 14 + -7 - (-1 - -1)?
7
What is -7 - (-2 + 8 - 5)?
-8
What is the value of -2 - (6 - 0 - 7)?
-1
(1 - 5) + -1 - 0
-5
Calculate -2 + (1 - (-6 + (0 - -1))).
4
What is the value of (0 - 6) + -6 + 8?
-4
Evaluate -6 + 1 + (-17 - (-20 + -3)).
1
Evaluate -9 + (-1 - -5 - -2 - 6).
-9
What is (5 - 9) + -1 + 4?
-1
-2 - (2 + -7) - (2 + 2)
-1
-1 - 3 - (-1 - 0)
-3
What is the value of (-2 - (-4 + 2 + -2)) + 4?
6
What is the value of 4 + -8 + (10 - 8) - -4?
2
(-1 - -6) + (2 - 5)
2
What is 1 + -4 + 22 + -24?
-5
(0 - (6 - 7)) + -6
-5
-2 + 2 - (9 + (-11 - -4))
-2
5 + 3 - (-11 - -12)
7
What is the value of (5 - 1) + (-23 - -15)?
-4
What is the value of (5 - 3) + (-1 - -4) + -4?
1
What is the value of -20 - (10 - (-13 - -34))?
-9
Evaluate -2 + 7 + -7 + 11.
9
What is 8 - 8 - (4 - -1) - -8?
3
What is the value of (0 - (1 - -2)) + -1 + 2?
-2
(0 - -2) + (13 - 21)
-6
Calculate 0 - (6 + 8 + -19).
5
Evaluate (-1 - 3 - 0) + -1.
-5
Evaluate (-6 - -3 - (0 - 3)) + 4.
4
Calculate 0 - -1 - (11 - (4 + 13)).
7
Calculate -8 - -2 - (6 + -9).
-3
4 - (4 + -6 + 3)
3
Evaluate -1 + (-1 - -1) + (89 - 91).
-3
Calculate -5 + (3 - (2 - 0)) + -1.
-5
Evaluate 0 - (-10 + 4 + 6) - -4.
4
Calculate 1 + -3 - 0 - -5.
3
Evaluate (8 - -4) + (-3 - (7 - 4)).
6
Evaluate 3 + (4 - 4) - (-2 + 5).
0
What is (1 - 2) + (3 - -4 - 7)?
-1
What is (-1 - 4) + -277 + 290?
8
Calculate 0 + 0 + (5 + -7 - -5).
3
Evaluate 6 + 1 + -3 + -7 + 2.
-1
-3 + (9 - (1 + 2 - -3))
0
What is 5 + 5 + (2 - (-3 + 10))?
5
What is the value of (4 + 1 - 5) + 4 - 3?
1
-5 - -5 - ((5 - 2) + 2)
-5
Evaluate -4 - 2 - -12 - 6.
0
6 + (-5 - (-1 + 0))
2
What is the value of (4 - (6 + -3)) + 44 + -51?
-6
What is -1 - (0 - (-4 + -1 - 2))?
-8
What is (5 - (-3 + 8)) + (1 - 1)?
0
Evaluate 0 - ((0 - -4) + 0 - 8).
4
What is (-1 - (7 - 4)) + 3 + -2?
-3
What is (4 - 7) + (5 - 9 - -5)?
-2
Calculate (-3 - -1) + 1 + -2.
-3
What is the value of -6 - -9 - (0 + -2 + 3)?
2
What is -9 + (6 - 16) + 20?
1
What is the value of -4 - (-14 + 4 + 0 + 2)?
4
Calculate (0 + 4 - -4) + -4 - -1.
5
-15 - (0 - 5) - -8
-2
What is the value of (0 + -6 - 0) + 8?
2
Calculate 7 + 2 + (-3 - 1) - -5.
10
Evaluate -2 + 4 - 1 - (-27 + 28).
0
What is the value of (-8 - -10) + -11 - -4?
-5
What is the value of (-16 - -26) + -9 - (-1 + -4)?
6
Calculate (-3 - -1) + 5 + 6 + -7.
2
What is 7 + (6 - 5) - (-3 + 8)?
3
Calculate -1 - -4 - (0 + 3) - -2.
2
What is the value of (-7 - 2) + 0 - -8?
-1
What is the value of 6 + -29 + 14 + 1?
-8
-4 + -3 + -2 + 0 + 2
-7
What is the value of (-1 + -7 - -1) + 13 - 0?
6
What is -12 + 0 + (1 - -20)?
9
Calculate 1 + -5 + (4 - 0) + 3.
3
Calculate -13 - -17 - (-1 + 2 + 4).
-1
What is the value of -4 + -1 + 8 + 0?
3
2 + (-1 - (9 + -2)) + 2
-4
Calculate -1 + 3 + (-2 - -7).
7
What is -16 + 12 - (-3 + (-2 - 0))?
1
What is the value of 5 + 13 + (-5 - 4)?
9
Evaluate 3 + (-3 - (-18 - -11)).
7
(-81 - -85 - (1 - -7)) + 10
6
Calculate 10 + -3 + (-12 - -1).
-4
What is -4 + (2 - 2) + (-11 - -13)?
-2
Evaluate 1 - (2 + (-2 + 1 - 0)).
0
Evaluate 0 + (7 + -11 - (-1 + 3)).
-6
-5 - (0 - (3 + 0))
-2
What is the value of 14 + -11 + (-6 - -1)?
-2
What is 1 - (-6 + -2 + (0 - -5))?
4
What is (18 - 10 - 14) + 9?
3
What is (5 - 8) + (2 - -1)?
0
Evaluate 5 + (-1 - -1) + (-18 - -13).
0
What is the value of -1 - (3 + -1) - -2 - 1?
-2
What is (-1 - -4